 + 0 + 1 + (-175 - -182)?
-7
0 + 2 - 1 - 6
-5
Calculate -10 + (11 - -1 - 7).
-5
1 + 2 - 3 - (0 + -4)
4
Evaluate (5 - (0 - 0)) + -1 + -2.
2
Calculate -4 - -2 - (2 + 2) - -12.
6
What is 2 + -4 - (1 + 1 + -5)?
1
Calculate 2 + -10 - (-2 + -15).
9
Calculate 4 - (4 - 3 - 2).
5
What is 1 + (-5 - -8) - 1?
3
Calculate -3 - (-2 + -3 + -3).
5
(-3 - ((5 - 4) + -5)) + 9
10
What is 3 + -3 - -14 - (-7 + 15)?
6
Calculate -4 + 1 + 3 + -5.
-5
What is 5 - 1 - (67 + -58)?
-5
12 + -6 + 1 + -2 + -3
2
3 + (7 - 4) + (-7 - -1)
0
What is -2 + (3 - (-4 + -3 + 4))?
4
0 - 7 - (1 - 4)
-4
Calculate (-9 - (4 - 2) - 0) + 5.
-6
What is the value of 4 + 2 + (-4 - -12) + -6?
8
What is -3 + 1 - (8 + -4 + 2)?
-8
What is -8 + 1 - (68 - 67)?
-8
(-1 - -1 - -8) + -13 - -14
9
What is 3 - (6 - (1 + -1))?
-3
What is the value of 1 - -2 - (2 - (4 - 4))?
1
3 + 0 + 2 + -10
-5
Calculate 18 + -13 + (-1 - -1).
5
Evaluate (-6 - -1) + 1 + 4 + -3.
-3
What is the value of (9 + -6 + -1 - 1) + 7?
8
Calculate 5 + -11 + 1 + 5.
0
What is -3 - (5 - (-1 - -9))?
0
-2 + 2 - (4 + 1 - 2)
-3
What is -1 + 1 + (-13 - -10)?
-3
What is -7 + 6 + 4 + 0?
3
Evaluate 3 - (-14 - (-7 - 2)).
8
What is the value of 1 + (-1 - 7) + -2 + 5?
-4
What is the value of -3 + (-2 - -1) - -7?
3
What is 6 + -4 + 6 + -5?
3
Calculate 35 + -36 + (1 - (-1 + -1)).
2
What is the value of 0 + (0 - -8) + 22 + -24?
6
(64 - 46) + (1 - 11)
8
2 + (-1 - -3) + (6 - 5)
5
Calculate -13 - ((6 - -4) + -22).
-1
Calculate -14 - -9 - (-2 + 1).
-4
What is the value of (10 - 6) + -4 - (3 + -1)?
-2
What is the value of 8 + -8 + -1 + 4?
3
Evaluate 1 - (-11 - ((-1 - -4) + -6)).
9
0 + (2 - -1) + 186 + -182
7
What is -2 - (1 + 4 + -10)?
3
What is the value of 3 + 1 + (-7 - -13 - 10)?
0
1 - 0 - (-50 + 41)
10
Calculate 0 - (6 + (1 - 1) + -8).
2
Calculate 5 - (-1 - (1 - 1)) - 5.
1
Calculate 5 - ((-3 - -11) + (6 - 4)).
-5
-7 + 2 - ((5 - 12) + 1)
1
What is the value of 6 + -2 + (3 - (0 + 3))?
4
Evaluate 0 - 10 - (1 + -9).
-2
What is 5 + -6 + 2 + (1 - -1)?
3
Calculate -1 - -2 - -4 - 11.
-6
What is -5 + (-1 - -4) - -4?
2
Calculate (-1 + -1 - (20 + -28)) + -12.
-6
What is (-1 - 0) + -20 + 26?
5
Evaluate -7 + 4 + -2 + 8.
3
What is 0 + (4 - (15 - (3 + 0)))?
-8
0 + -2 + -2 + 4
0
Evaluate -18 - (-14 - -6) - 1.
-11
Evaluate -8 - -2 - (-4 + 3).
-5
-8 - -2 - (29 - 31)
-4
What is the value of 1 + -6 + 3 + 5?
3
Evaluate -1 + (0 - -4) + -3.
0
1 - (-2 - -1 - 3)
5
What is the value of -2 - (4 - 9) - 3?
0
What is the value of 1 - (6 + (-4 + 3 - 2))?
-2
What is (-6 - -1) + 2 - -11?
8
What is the value of (1 - 2 - 4) + 4 + 1?
0
What is the value of 8 - (-2 + 5) - 5?
0
What is -6 - (-4 + (-11 - -5 - -9))?
-5
Calculate (-2 - 4) + 5 + -7 - -7.
-1
Calculate -1 + 2 - (-8 - -7).
2
Evaluate (-2 - (-12 - -7)) + -5.
-2
What is the value of 2 + -3 + 6 + 2 + -6?
1
What is the value of (0 - (-6 + 4)) + -5 + 0?
-3
-1 + (2 - 4) + 5 + 1
3
What is the value of 11 - (9 + -3) - 0?
5
0 + (-2 - (-2 + -6 + 3))
3
Calculate -3 - -3 - (-3 + -1 + 3).
1
What is the value of 3 - (-4 + 5 + -4 + 3)?
3
Evaluate -8 - (6 - -1 - (-4 - -15)).
-4
What is -2 + 11 + -6 + 3?
6
What is 2 + (-2 - -2) + -2?
0
Calculate (-26 - -16) + (1 - -3).
-6
What is the value of (6 + -1 - -1) + -1?
5
What is the value of (8 - 1) + 0 + -3 + 1?
5
What is the value of -6 - (0 + 4 - (-4 - -12))?
-2
Evaluate 2 - (-3 - (-3 - 1)) - -4.
5
What is the value of -5 + (0 + -2 - (-2 - 5))?
0
Evaluate 1 + -2 + 4 + (4 - 7).
0
Calculate 1 + 0 + 5 + -8.
-2
Evaluate -2 + 6 + -1 + -6.
-3
What is the value of -7 + (18 - 5) + 0 + -4?
2
5 + -6 + (3 - -1 - 2)
1
What is (5 - 4) + 0 + (-1 - 1)?
-1
Calculate 5 + -1 + (-7 - (-2 - 5)).
4
Evaluate -65 + 56 + (2 - -3).
-4
(1 + 3 - 6) + 3
1
Evaluate 3 + -3 + (4 - 11).
-7
What is the value of -1 + 5 + -5 + 0 + 5?
4
What is -2 - -9 - ((8 - 1) + -3)?
3
What is 9 + (-2 - -1 - 19)?
-11
What is 42 + -51 - (2 - 9)?
-2
What is -8 + -1 + 5 - (-3 - 1)?
0
-9 - (-7 + 4 + -4 + 3)
-5
Calculate 11 - 6 - (2 + (0 - -1)).
2
What is -11 + 4 - (2 + -14)?
5
-1 + (4 - (6 + -2) - -4)
3
Evaluate -2 - (-1 - (-2 - 0)).
-3
What is the value of 6 + (6 - 6 - -5 - 4)?
7
Calculate 5 - (5 - 1) - (3 + -1).
-1
Evaluate -8 + (6 - 5) + 7 - 0.
0
Evaluate 3 + (0 - (5 - 0)).
-2
What is the value of 16 - 11 - (-1 - -4)?
2
What is the value of 4 + (-9 - (0 + (-4 - 1)))?
0
What is the value of (1 - 0) + 0 + -3 + 6?
4
What is the value of 6 + -8 + 2 + -9?
-9
-4 + 2 + 2 + 0
0
-10 + (-4 - 4) + 12
-6
Evaluate 5 + -14 + -3 + 8.
-4
What is 1 - (2 - (-1 + 2) - -3)?
-3
What is -7 + 7 - (-5 - 0)?
5
Calculate 7 + -9 - (-5 - -1).
2
What is -4 + 5 + -1 + -2?
-2
Evaluate 0 - -3 - 11 - -2.
-6
What is 1 + 0 - (-54 - -54)?
1
(2 - 1) + -1 + -1
-1
What is 1 + (-7 - -1) + 4 + 8?
7
What is the value of -1 + -4 + (-7 - -7)?
-5
2 + (-3 - ((-5 - -9) + -8))
3
What is the value of -2 + (-5 - -6 - -2) + -4?
-3
What is 8 - (1 - (5 - 6))?
6
What is the value of -10 - (-3 + 5 + -10)?
-2
-1 + (4 - (4 - 3)) + 3
5
Evaluate -5 + 2 - (7 + (-10 - -4)).
-4
What is the value of (12 + -2 - 4) + -1?
5
Calculate 8 - 0 - (-126 - -133).
1
Evaluate 0 + (11 - 16) + -2 + -1.
-8
5 + -3 + (0 - -2) - 1
3
Calculate 6 - 5 - (0 + (1 - -2)).
-2
Calculate (-6 - (0 - (0 + 14))) + -7.
1
What is (2 - -1) + 1 + -6?
-2
Evaluate 5 + (4 + -12 - -6).
3
Calculate -1 + 5 - (-7 + 7).
4
What is the value of 3 - ((8 - 18) + 6)?
7
-2 + 3 + (-5 - (3 + -7))
0
Evaluate 0 + (2 - -3) + -3.
2
What is 5 + (-3 - -1) + 1 + 1?
5
What is (4 + -11 - -4) + 0?
-3
14 - 6 - 1 - (0 + -1)
8
What is 1 + 0 + -2 + 5 - 1?
3
Calculate -3 + -3 + 2 + 7.
3
Evaluate -5 - 6 - (14 + -28).
3
Calculate (5 - (-7 - -10)) + -3.
-1
Calculate (2 + -3 - -3) + 1.
3
Calculate (14 - 17) + (-2 - -3).
-2
What is -14 + 6 + (1 - -5)?
-2
Evaluate (18 - 38) + 25 - (5 + 0).
0
Calculate 14 + 1 - (236 + -225).
4
What is the value of -1 + (6 - (-4 - (-1 - 3)))?
5
-7 - (-8 - (-9 + 2))
-6
Calculate 0 + 7 - (6 + -3).
4
What is 17 + 16 + -19 - (9 + -1)?
6
-5 + 6 + -6 - (0 - 8)
3
Evaluate -15 + 11 - (-5 + 2).
-1
Evaluate (4 - 1) + (0 - 3) - -2.
2
What is the value of -1 + -5 + 6 + (0 - 1)?
-1
Evaluate -4 - ((2 - (0 - -3)) + -1).
-2
Evaluate -3 - ((-4 - -1) + 3 + -1).
-2
-5 + (5 - -2) + 3
5
Evaluate (1 - 10 - (6 + -9)) + 0.
-6
Evaluate 2 - (1 - (4 + 1 - 2)).
4
What is the value of 3 - (-3 - (-4 - 0) - 0)?
2
What is the value of 3 + -6 + (1 - -4) + -1?
1
Evaluate 8 - 2 - (7 - (1 + 3)).
3
Calculate -4 + (-17 - -9 - -5).
-7
What is the value of -5 + 11 + -3 + -1?
2
Calculate -3 - (-2 - 2 - -4).
-3
Calculate 1 + 5 + (3 - 5) - 1.
3
Calculate (9 - 14) + -2 - (1 + -16).
8
1 - (-2 + 0 - 1)
4
Evaluate 1 - (1 - (-3 + 5)).
2
0 + 9 + (-10 - -5) + -3
1
14 + (-5 - -1) + 2 + -4
8
What is the value of (3 - -2) + -6 + 3 - 3?
-1
What is the value of 9 + -4 - (4 + 6)?
-5
Calculate (-3 - -2) + 3 + -2.
0
-4 - (-10 - (5 - 9 - 0))
2
Calculate -1 + -1 - (3 + 0 - 2).
-3
What is 14 + -10 + -3 - 8?
-7
What is the value of -7 + -3 + 3 + 0 + 1?
-6
What is the value of (-1 - 11) + (-15 - -21) + 4?
-2
9 + (-8 - -11 - (7 + 0))
5
Evaluate 23 + -25 + 0 + 4.
2
Evaluate (-5 + -2 - -2) + 7.
2
(-1 - -2) + (17 - (17 - 7))
8
Evaluate -4 + (5 - (8 + -5)).
-2
-5 - -5 - (3 - 0)
-3
Calculate 0 + -4 + (17 - 14).
-1
Calculate -2 + (4 - 3) - (-6 + 9).
-4
Calculate 12 + (-15 - -8 - (-3 + -1)).
9
What is (-1 - (-1 - 0)) + -12 + 12?
0
5 + 4 + (-1 - 9)
-1
Evaluate -6 - -2 - (0 + -3).
-1
What is the value of 6 + (1 - 0) + -2 + -2?
3
What is the value of 3 - (2 - (4 + 0 - 1))?
4
Evaluate 4 + -9 + 10 + -5.
0
Evaluate (21 - (-7 - -17)) + -20.
-9
What is 5 + (-6 - -3) - 4?
-2
Calculate (21 - 21) + -4 + 5 + 0.
1
What is -8 + 8 - (-4 - -1)?
3
(3 - -4) + -12 + 5
0
What is 3 + -1 - 4 - (1 + 6)?
-9
Calculate 7 + 0 + 4 + -9 + 0.
2
(2 - 1) + 0 + (3 - 2)
2
What is (-1 - -1) + (0 - 0 - -1)?
1
Evaluate (4 - 1) + (18 - 20).
1
Calculate (0 + 2 - 1) + -2.
-1
(-1 - 5 - 1) + 13
6
Evaluate 2 + 3 + -4 - (-1 - 0).
2
Evaluate (0 - (-9 + 2)) + -5.
2
What is (-4 - -4 - (3 + -1)) + 7?
5
Evaluate 8 + 4 + -14 + 5.
3
2 - (-1 - (-2 + (1 - -1)))
3
10 + (9 + -1 - 18)
0
What is the value of -7 + (3 - (0 - -2))?
-6
12 - 7 - (0 - -9)
-4
Evaluate 26 + -31 - (2 - 4).
-3
Calculate 2 + 1 + 0 + 1.
4
What is the value of -10 + -4 - -7 - -2?
-5
What is the value of 1 + -4 + 3 - 1?
-1
What is the value of -4 - ((3 - (-4 + 4)) + -10)?
3
Evaluate -16 - (-15 + -1 - (3 +